 n(-24) is divided by 29?
26
Let w be (-384)/(-27) - 6/27. Let t = -4 + w. What is the remainder when 29 is divided by t?
9
Let r be 3*(30/9)/5. Suppose -x = -3*i + 25, -34 = -2*i - r*i + 2*x. Let l(w) = -5*w. What is the remainder when i is divided by l(-1)?
3
Suppose 0 = -6*a + 29 + 1. What is the remainder when 18 is divided by a?
3
Suppose 0 = -5*s + r + 214, -r + 2*r = 1. Suppose -i + 3 + s = 0. Let t(k) = k**3 + 5*k**2 - 2*k + 6. What is the remainder when i is divided by t(-5)?
14
Let g = -16 - -30. What is the remainder when 54 is divided by g?
12
Let w(n) = 12*n + 1. Let c be (1 + -10)*(-5)/(-1). Calculate the remainder when w(2) is divided by (-10)/c - 79/(-9).
7
Let b(x) = -x**3 - 9*x**2 + 7*x - 7. What is the remainder when b(-10) is divided by 0/1 + 4*1?
3
Suppose -4*y - 2*q + 28 = 0, -5*q = -3*q. Calculate the remainder when 17 is divided by y.
3
Let a(u) = -u**2 + 6*u + 10. Let r be a(7). Suppose r*m = -m. Calculate the remainder when -1 - m - (-42)/3 is divided by 5.
3
Suppose -4*h + 2*q + 38 = 0, 5*h - 63 + 11 = q. Calculate the remainder when 43 is divided by h.
10
Suppose 0*n + w = -3*n + 32, -3*w - 47 = -4*n. Calculate the remainder when 42 is divided by n.
9
Suppose 0 = 3*u - 0*u - 6. Suppose 0 - 20 = -u*v. Suppose -v = -2*q, 2*j + 2*q - 1 = 5*q. What is the remainder when 23 is divided by j?
7
Let t(x) = -2*x**3 - 18*x**2 - x + 20. What is the remainder when t(-9) is divided by 8?
5
Suppose 6*t - 267 = -111. What is the remainder when 101 is divided by t?
23
Suppose -27 - 3 = -6*u. What is the remainder when 6 is divided by u?
1
Let z = -60 + 119. Suppose 0 = 4*j + 3*r - 2*r - 80, 0 = -4*j + 3*r + 80. Calculate the remainder when z is divided by j.
19
Let v(b) = -5*b + 1. Let y(g) = 5*g - 2. Let m(o) = -4*v(o) - 3*y(o). What is the remainder when m(6) is divided by (-2)/2*(1 - 12)?
10
Let b(x) = -5 + 4 - 6 - 2 + 3*x. Calculate the remainder when 32 + 1 + 1 + -1 is divided by b(6).
6
Let x = 103 + -78. Calculate the remainder when 86 is divided by x.
11
Let p(q) = 9*q + 1. Let c = 4 + -2. Let b(h) = -7*h. Calculate the remainder when p(c) is divided by b(-1).
5
Suppose 0 = -3*i + 5*l - 3*l - 131, 0 = -5*i + 5*l - 220. Let x = 83 + i. What is the remainder when x is divided by 21?
19
Suppose -1 = -2*o + 9. Suppose -3*u = -4 - o. Calculate the remainder when 5 is divided by u.
2
Let l(b) = 2*b**2 - 2. Calculate the remainder when 11 is divided by l(-2).
5
Let b(g) = g**2 - 20. Let a be b(0). Let c = a - -40. Let w = 6 + 1. Calculate the remainder when c is divided by w.
6
Suppose s = 4*s - 51. What is the remainder when s is divided by (-24)/(-4)*(2 + -1)?
5
Suppose 4*f + 5*l + 748 = 0, -3*f - 5*l + 162 = -4*f. Suppose 3*n - 58 = -1. What is the remainder when (-4)/10 + f/(-5) is divided by n?
17
Let f(i) be the second derivative of i**4/12 + i**3/6 - 5*i**2/2 - 2*i. Let j = 15 + -2. Calculate the remainder when f(-6) is divided by j.
12
What is the remainder when (-96 + 1 + 3)/(-2) is divided by 12?
10
Let b = 325 + -318. Suppose 0 = -4*c - 3*l + 29, -6*l = -3*c - 2*l + 53. What is the remainder when c is divided by b?
4
Suppose 8*j - 4*j - 44 = 0. Let u(w) = w - 4. What is the remainder when 11 is divided by u(j)?
4
Let h = -43 + 64. What is the remainder when 60 is divided by h?
18
Let g = 9 - 7. Suppose 0*o - 3*j = -4*o + 162, 5*o - g*j - 206 = 0. What is the remainder when o is divided by 11?
9
What is the remainder when 0 - ((-46 - 2) + 3) is divided by 12?
9
Suppose 6*s - 70 = s. Let f = s - 4. What is the remainder when 38 is divided by f?
8
Suppose 3*k - 7*k + 16 = 0. Let a(q) = 2*q - 4. Suppose -d - 4 + 0 = 3*f, 2*d - 5*f - 25 = 0. Calculate the remainder when a(d) is divided by k.
2
Let y be 342/12 + (-1)/2. Suppose -y = 4*d - 76. What is the remainder when 35 is divided by d?
11
Let p be 2/(-8)*2*16. Suppose 0 = 8*b - 4*b + 16. Let t = b - p. What is the remainder when 10 is divided by t?
2
Suppose -12 = -6*n + 2*n. Suppose 0 = -n*l - 2*l + 25. Calculate the remainder when 9 is divided by l.
4
Let t(i) be the first derivative of i**4 + i**2/2 - 10. Calculate the remainder when 8 is divided by t(1).
3
Calculate the remainder when ((-58)/(-5))/((-28)/(-70)) is divided by 3*(6 + (-1 - 0)).
14
Let u(g) = 4*g**2 + 1. Let p be u(-2). Suppose 0 = -5*m - 14 + 64. Let a = m + p. What is the remainder when a is divided by 14?
13
Let g(o) = 10*o - 48. Calculate the remainder when 79 is divided by g(7).
13
Calculate the remainder when (110/(-25))/((-1)/20) is divided by 13.
10
Suppose -v + 20 = -0*v + r, v = -3*r + 24. Let j(z) = 2*z**2 - 10*z - 12. Let l be j(9). Let i = l + -26. Calculate the remainder when i is divided by v.
16
Let g(v) = 73*v - 3. Calculate the remainder when g(1) is divided by -1 + 0 - (-30 + 5).
22
Let s = 17 + -10. Suppose -4*v + 79 = s. What is the remainder when 70 is divided by v?
16
Let m be 0*1*1/(-2). Suppose j + 0*j - 5 = m. Suppose -55 = -j*p - 3*i, -5*i - 37 = -3*p - 4. What is the remainder when p is divided by 4?
3
Let k = 9 - 16. What is the remainder when 897/6 + k/14 is divided by 38?
35
Let p = -29 + 34. What is the remainder when 8 is divided by p?
3
Suppose -11*l = -6*l - 2*j - 200, -l + 32 = -2*j. What is the remainder when l is divided by 15?
12
Let i(p) = p**2 - 2*p. Let k be i(3). What is the remainder when 37 is divided by (-60)/9*(0 - k)?
17
Suppose 2*h - 74 = -28. What is the remainder when h is divided by 4?
3
Let i = -10 - -29. Calculate the remainder when i is divided by 5.
4
Let s = 1 + 1. Suppose 0*n = s*n - 12. Calculate the remainder when (-4 + 10)*(-8)/(-3) is divided by n.
4
Suppose -5*r + 77 = 7. Calculate the remainder when 53 is divided by r.
11
Let w be (-1)/((-3)/9) + -9. Calculate the remainder when 19 is divided by (-1 + -3)/(w/15).
9
Let w = -7 - -15. Calculate the remainder when w is divided by 4.
0
Suppose 0*l - o + 34 = 4*l, 3*l - 3*o = 33. Let i(z) = 2 + 2*z - 4*z + 4*z**3 + 7*z**2 - 5*z**3. Calculate the remainder when i(6) is divided by l.
8
Suppose -6*x + x + 2 = -3*u, 10 = 3*u - 2*x. Suppose -4*z = -6*z + u. Calculate the remainder when 7 is divided by z.
1
Let f(s) = s**3 + 4*s**2 - 13*s - 11. Let a(m) = m**3 - m**2 - 3*m - 2. Let w be a(3). Let q = w - -8. What is the remainder when f(-5) is divided by q?
14
Let l(o) = -2*o**3 - 5*o**2 - 5*o - 4. Let r be l(-3). Let d = r + -2. Suppose -t - 3*v - d = -2*t, 13 = t + 2*v. What is the remainder when t is divided by 8?
7
Let k(i) = -6*i. What is the remainder when k(-11) is divided by 17?
15
Let n = -5 - -8. Let z be 0/(-5 - (-12)/4). Suppose -n*d + 38 + 4 = z. Calculate the remainder when 26 is divided by d.
12
Suppose -16 = -2*v + 12. What is the remainder when 44 - (-3 - (-12)/2) is divided by v?
13
Let z(a) = a**3 - 14*a**2 + 15*a - 14. Calculate the remainder when 47 is divided by z(13).
11
Suppose -3*t - 289 = 5*s, -5*s + 2*t + 29 - 303 = 0. Let w = -5 - s. Let r = w - 33. What is the remainder when r is divided by 10?
8
Suppose 3*c = -2*c + 90. Calculate the remainder when 34 is divided by c.
16
Calculate the remainder when -1*(-27)/6*10 is divided by 12.
9
Let a(p) = -2*p + 4. Let x be a(2). Suppose g - 12 = 2*s, 3*s + 15 = -x*s. What is the remainder when 6 is divided by g?
0
Suppose 0 = -p + 6 + 6. Let w = p - 4. What is the remainder when w is divided by 3?
2
Let y(z) = -z**2 + 7*z + 3. Let b be y(7). Suppose j = b*j - 10. Suppose -5*l = 25, -j*u + 6*l + 35 = l. What is the remainder when 4 is divided by u?
0
Let p(w) = -w**2 + 19*w - 63. What is the remainder when 25 is divided by p(14)?
4
Let l be (284/2)/2 + -3. Suppose 3*g = 7*g + l. Let w = -8 - g. What is the remainder when 17 is divided by w?
8
Suppose 3*h - 30 = -2*h. Suppose 0 = 4*z - 2*z - 2. What is the remainder when (-22 + 4)*-1 - z is divided by h?
5
Let y(v) = 5*v + 4. Suppose 0 = -2*h - 3*q + 4*q + 52, 2*h - 62 = -4*q. Suppose -3*l + h = -3. Calculate the remainder when y(3) is divided by l.
9
Let a(z) be the third derivative of z**4/8 - 4*z**2. Suppose r = -d, 5*d - 5*r - 24 + 4 = 0. Calculate the remainder when 11 is divided by a(d).
5
Let u = -3 - -22. What is the remainder when 37 is divided by u?
18
Let m(k) = -k**2 - k + 1. Let x(c) = c**3 - 2*c**2 - 2*c + 30. Let j(g) = -m(g) + x(g). What is the remainder when j(0) i